ommon divisor of 670 and 67.
67
Calculate the highest common divisor of 13 and 2847.
13
What is the greatest common divisor of 2088 and 216?
72
Calculate the greatest common divisor of 765 and 6579.
153
Calculate the greatest common factor of 328 and 779.
41
What is the greatest common divisor of 25570 and 10?
10
Calculate the highest common divisor of 128 and 2944.
128
What is the highest common factor of 4429 and 206?
103
Calculate the highest common factor of 128 and 528.
16
What is the highest common divisor of 17766 and 14?
14
Calculate the highest common factor of 42 and 192.
6
What is the highest common divisor of 41270 and 10?
10
Calculate the highest common divisor of 7833 and 147.
21
Calculate the greatest common divisor of 28 and 868.
28
What is the greatest common divisor of 240 and 510?
30
Calculate the greatest common divisor of 710 and 10.
10
What is the highest common factor of 319 and 11?
11
What is the greatest common factor of 64956 and 12?
12
What is the highest common divisor of 280 and 120?
40
What is the highest common factor of 150 and 270?
30
Calculate the highest common divisor of 180 and 5508.
36
Calculate the highest common factor of 47 and 235.
47
What is the highest common factor of 92 and 23?
23
Calculate the greatest common divisor of 192 and 54.
6
Calculate the highest common factor of 2961 and 126.
63
Calculate the greatest common divisor of 2 and 2225.
1
Calculate the greatest common factor of 551 and 57.
19
What is the highest common divisor of 279 and 243?
9
Calculate the highest common factor of 172 and 430.
86
Calculate the greatest common factor of 18 and 63.
9
Calculate the highest common divisor of 170 and 1054.
34
Calculate the greatest common factor of 30 and 405.
15
Calculate the greatest common factor of 84 and 105.
21
Calculate the greatest common divisor of 472 and 177.
59
Calculate the highest common factor of 3151 and 411.
137
Calculate the highest common factor of 390 and 240.
30
What is the highest common factor of 42 and 486?
6
What is the highest common factor of 24 and 24?
24
Calculate the greatest common factor of 436 and 15914.
218
What is the greatest common divisor of 222 and 11877?
111
What is the greatest common divisor of 670 and 7102?
134
Calculate the highest common divisor of 1179 and 63.
9
Calculate the highest common factor of 36 and 68.
4
Calculate the greatest common divisor of 97 and 2.
1
Calculate the highest common factor of 3216 and 1809.
201
What is the highest common divisor of 1519 and 63?
7
What is the greatest common divisor of 345 and 120?
15
Calculate the greatest common factor of 192 and 6272.
64
Calculate the highest common divisor of 2120 and 112.
8
Calculate the highest common divisor of 262 and 2.
2
Calculate the greatest common factor of 60 and 160.
20
Calculate the highest common factor of 342 and 209.
19
What is the highest common divisor of 296 and 37?
37
What is the greatest common factor of 1944 and 8?
8
Calculate the greatest common divisor of 60 and 84.
12
Calculate the greatest common factor of 56 and 273.
7
Calculate the greatest common divisor of 27 and 36.
9
What is the highest common divisor of 4 and 151?
1
Calculate the highest common divisor of 175 and 1855.
35
What is the greatest common factor of 8806 and 170?
34
Calculate the greatest common factor of 185 and 11840.
185
Calculate the greatest common divisor of 581 and 21.
7
What is the greatest common factor of 176 and 40?
8
Calculate the greatest common divisor of 990 and 20.
10
What is the highest common factor of 155 and 248?
31
What is the greatest common factor of 165 and 45?
15
Calculate the greatest common divisor of 3740 and 220.
220
Calculate the highest common factor of 40 and 1480.
40
What is the highest common divisor of 4 and 7?
1
Calculate the greatest common divisor of 627 and 57.
57
What is the highest common factor of 3530 and 10?
10
What is the highest common factor of 3 and 5?
1
Calculate the highest common factor of 544 and 32.
32
Calculate the greatest common divisor of 13795 and 465.
155
Calculate the greatest common factor of 112 and 56.
56
What is the highest common factor of 247 and 19?
19
What is the highest common divisor of 14093 and 17?
17
What is the highest common divisor of 91 and 126?
7
Calculate the highest common divisor of 31 and 4278.
31
What is the highest common factor of 480 and 45?
15
Calculate the highest common divisor of 74 and 2553.
37
Calculate the greatest common divisor of 2376 and 1683.
99
What is the highest common factor of 575 and 230?
115
What is the greatest common divisor of 162 and 72?
18
Calculate the greatest common divisor of 8 and 676.
4
Calculate the highest common factor of 16 and 2744.
8
Calculate the highest common factor of 1278 and 18.
18
What is the highest common factor of 22 and 704?
22
Calculate the highest common divisor of 285 and 60.
15
Calculate the highest common factor of 490 and 1274.
98
What is the greatest common divisor of 56 and 1000?
8
What is the greatest common divisor of 7 and 469?
7
What is the greatest common factor of 253 and 341?
11
Calculate the highest common divisor of 68 and 493.
17
What is the highest common divisor of 9 and 57?
3
Calculate the highest common divisor of 1211 and 91.
7
What is the highest common factor of 3 and 11643?
3
Calculate the greatest common factor of 4176 and 4437.
261
What is the highest common divisor of 10 and 3290?
10
What is the greatest common divisor of 141 and 3?
3
Calculate the highest common factor of 1 and 256.
1
Calculate the greatest common factor of 120 and 45.
15
What is the greatest common divisor of 529 and 69?
23
Calculate the highest common divisor of 1781 and 13.
13
What is the highest common factor of 343 and 91?
7
What is the greatest common divisor of 12361 and 47?
47
Calculate the greatest common divisor of 155 and 215.
5
What is the greatest common divisor of 42 and 24?
6
Calculate the greatest common divisor of 84 and 1.
1
Calculate the highest common factor of 59 and 3481.
59
What is the highest common divisor of 4161 and 285?
57
What is the greatest common factor of 160 and 260?
20
What is the greatest common divisor of 46 and 25622?
46
Calculate the highest common factor of 13 and 10283.
13
What is the greatest common divisor of 108 and 12?
12
What is the highest common factor of 160 and 40?
40
What is the highest common divisor of 1537 and 371?
53
Calculate the highest common factor of 77 and 1309.
77
What is the greatest common factor of 476 and 42?
14
Calculate the highest common factor of 155 and 5084.
31
What is the greatest common divisor of 34 and 374?
34
What is the greatest common factor of 44 and 1364?
44
Calculate the highest common divisor of 18 and 450.
18
Calculate the greatest common divisor of 3225 and 825.
75
Calculate the highest common factor of 1980 and 231.
33
Calculate the highest common divisor of 15870 and 90.
30
Calculate the greatest common divisor of 74 and 2.
2
What is the greatest common divisor of 533 and 41?
41
What is the greatest common divisor of 672 and 7?
7
What is the highest common divisor of 104 and 26?
26
What is the highest common factor of 860 and 160?
20
Calculate the greatest common divisor of 518 and 294.
14
What is the greatest common factor of 407 and 185?
37
Calculate the greatest common divisor of 177 and 93633.
177
Calculate the greatest common divisor of 1370 and 10.
10
Calculate the highest common factor of 452 and 113.
113
Calculate the highest common factor of 360 and 7335.
45
What is the greatest common divisor of 24 and 1912?
8
What is the highest common divisor of 624 and 1392?
48
What is the greatest common factor of 4929 and 318?
159
Calculate the highest common divisor of 1 and 467.
1
What is the greatest common factor of 44 and 3597?
11
What is the highest common factor of 21 and 119?
7
What is the greatest common divisor of 5 and 485?
5
Calculate the highest common factor of 165 and 9735.
165
Calculate the greatest common factor of 7936 and 4.
4
Calculate the greatest common factor of 154 and 238.
14
What is the highest common factor of 116 and 754?
58
Calculate the greatest common divisor of 3503 and 31.
31
Calculate the highest common factor of 200 and 25.
25
Calculate the highes